) = -57*v + 3162. What is g(53)?
141
Let z(k) = -k**3 - 14*k**2 + 145*k - 37. Give z(-21).
5
Let a(v) = 5*v - 188. Calculate a(31).
-33
Let i(z) = -7*z**2 + 5*z - 3. Calculate i(4).
-95
Let u(a) = -32*a**2 - 695*a + 198. Determine u(-22).
0
Let t(r) = 2*r**3 - 300*r**2 - 7*r + 1044. Give t(150).
-6
Let m(g) = -25*g + 1035. Determine m(41).
10
Let t(u) = 26*u**2 - 8*u - 1. Give t(2).
87
Let v(f) = -7*f**2 - 446*f + 140. What is v(-64)?
12
Let i(k) = 74*k - 816. Calculate i(11).
-2
Let h(m) = m**3 - 79*m**2 + 228*m + 1. Calculate h(76).
1
Let l(k) = 22*k + 789. Give l(-46).
-223
Let s(b) = -b**3 + 83*b**2 - 264*b + 8264. What is s(81)?
2
Let l(y) = -859*y - 35210. Give l(-41).
9
Let q(g) = g**3 - 5*g**2 - 13*g - 20. Give q(7).
-13
Let f(i) = -3233*i + 6464. Calculate f(2).
-2
Let f(l) = 256*l + 243. Give f(2).
755
Let t(z) = -2*z**2 + 122*z - 474. Determine t(4).
-18
Let h(o) = 173*o + 2763. Determine h(-16).
-5
Let g(n) = 26*n**2 - 17*n + 7. Give g(-2).
145
Let w(j) = -46*j**2 + 182*j - 12. Determine w(4).
-20
Let u(l) = 2*l**2 - 482*l + 11179. Calculate u(215).
-1
Let q(w) = w**2 - 48*w + 221. Give q(42).
-31
Let w(u) = 36*u**2 + 505*u - 9. What is w(-13)?
-490
Let a(f) = -f**3 + 7*f**2 + 21*f - 38. What is a(11)?
-291
Let x(m) = -m**2 + 184*m + 2043. Calculate x(-10).
103
Let k(z) = 17*z**2 + 815*z - 66. Give k(-48).
-18
Let d(a) = a**3 - 30*a**2 - 13*a + 406. Give d(30).
16
Let u(p) = p**3 + 6*p**2 + 35*p - 199. Determine u(4).
101
Let g(f) = f**2 - 27*f + 28. What is g(25)?
-22
Let j(r) = -r**3 + 44*r**2 + 38*r - 1686. What is j(44)?
-14
Let v(w) = 14*w - 581. Calculate v(41).
-7
Let l(u) = u**3 - 3*u**2 - 5*u + 41. Determine l(3).
26
Let z(h) = -h**3 + 25*h**2 + 54*h + 35. What is z(27)?
35
Let w(p) = 157*p - 17214. What is w(111)?
213
Let u(a) = 33*a**3 - 5*a**2 + 4*a. Give u(1).
32
Let a(u) = u**2 + 83*u + 1370. Calculate a(-23).
-10
Let x(z) = -1310*z - 9159. Determine x(-7).
11
Let c(i) = -i**3 - 6*i**2 + 18*i + 25. What is c(-8)?
9
Let s(q) = q**3 - 14*q**2 + 11*q - 16. What is s(13)?
-42
Let g(f) = -6*f**3 + 4*f**2 - 6*f + 3. What is g(1)?
-5
Let d(l) = -3*l**3 - 4*l**2 - 851*l - 1697. What is d(-2)?
13
Let w(h) = 2*h**3 + 36*h**2 - 2*h - 35. Calculate w(-18).
1
Let k(t) = -60*t**2 + 6660*t + 8. What is k(111)?
8
Let z(n) = -105*n - 1797. What is z(-17)?
-12
Let k(h) = -h**3 + 18*h**2 - 104*h + 395. Calculate k(12).
11
Let n(u) = 6*u**2 + 17*u + 1. Give n(-1).
-10
Let y(i) = -i**2 - 25*i - 43. Determine y(-10).
107
Let v(w) = w**3 - 27*w**2 - 32*w + 153. Calculate v(28).
41
Let o(c) = c**3 + 5*c**2 - 35*c - 2. Calculate o(-9).
-11
Let l(y) = -y**3 + 28*y**2 - 163*y - 304. Give l(18).
2
Let g(f) = -33*f + 69. Give g(4).
-63
Let h(g) = g**3 - 16*g**2 + 106*g - 980. Determine h(9).
-593
Let a(t) = t**3 + 14*t**2 - 58*t - 51. Determine a(4).
5
Let p(r) = 6*r**3 - r**2 + 3*r - 4. Determine p(3).
158
Let r(p) = -p**3 + 45*p**2 + 62*p + 1511. Determine r(47).
7
Let m(n) = n**2 - 3*n + 34. Calculate m(0).
34
Let i(n) = n**2 - 22*n - 51. Calculate i(23).
-28
Let s(u) = -u**3 + 17*u**2 - 26*u + 260. Determine s(14).
484
Let k(q) = -10*q - 13. Calculate k(0).
-13
Let s(z) = 48*z + 605. Calculate s(-10).
125
Let l(v) = -v**2 - 277*v - 18179. What is l(-170)?
11
Let w(r) = 3*r**2 + 165*r + 141. Determine w(-54).
-21
Let p(l) = l**2 + 13*l + 46. What is p(-9)?
10
Let z(k) = 413*k + 8255. Give z(-20).
-5
Let h(j) = -4*j**3 - 81*j**2 + 501*j + 18. Give h(5).
-2
Let i(y) = y**3 - 2*y**2 + 10*y + 44. What is i(0)?
44
Let f(x) = -x**2 - 41*x - 324. Determine f(-11).
6
Let r(n) = -2*n**3 + 137*n**2 - 58*n - 686. Give r(68).
-6
Let q(w) = 9*w - 66. Determine q(-23).
-273
Let b(k) = -k**3 - 22*k**2 - 105*k + 26. What is b(-14)?
-72
Let o(k) = 7*k**2 + 24*k - 406. Determine o(6).
-10
Let y(x) = 115*x - 146. Calculate y(1).
-31
Let p(w) = -437*w**2 + 1310*w + 5. What is p(3)?
2
Let x(t) = 104*t + 3021. Determine x(-28).
109
Let d(n) = -n**3 - n**2 - 4*n + 176. What is d(0)?
176
Let w(t) = -924*t**2 - 7*t + 9. Determine w(1).
-922
Let t(j) = -j**3 + 15*j**2 + 39*j - 754. Determine t(14).
-12
Let u(r) = 5*r**3 - 48*r**2 - 84*r - 24. Calculate u(11).
-101
Let z(j) = 79*j**2 - 309*j - 19. Give z(4).
9
Let f(k) = -2*k**2 + 41*k - 60. Calculate f(20).
-40
Let v(h) = -h**3 + 7*h**2 + 125*h - 808. What is v(6)?
-22
Let x(i) = 811*i + 1614. Give x(-2).
-8
Let g(i) = 6*i**2 + 19*i - 38. Give g(2).
24
Let w(u) = 2*u**2 + 2*u - 34. What is w(-4)?
-10
Let y(o) = 260*o + 13536. Determine y(-52).
16
Let u(y) = 21*y**2 - 277*y - 36. Determine u(12).
-336
Let m(r) = r**2 - 90*r - 1222. What is m(-12)?
2
Let c(a) = -3*a**3 + 17*a**2 - 15*a + 146. Give c(6).
20
Let s(i) = 11*i**2 + 2*i + 28. Determine s(4).
212
Let o(g) = g**2 - 30*g - 151. Determine o(-5).
24
Let r(x) = x**3 + 15*x**2 + 55*x + 7. Calculate r(-7).
14
Let p(r) = -2*r + 143. Calculate p(56).
31
Let r(y) = 19*y**2 + y + 35. Give r(-4).
335
Let d(w) = -355*w - 1042. What is d(-3)?
23
Let o(c) = -2*c**2 - 92*c + 187. Give o(-50).
-213
Let s(z) = -7*z**2 + 69*z + 83. Give s(11).
-5
Let r(t) = 51*t + 6513. What is r(-127)?
36
Let j(a) = a**2 + 33*a + 68. Calculate j(-31).
6
Let v(r) = r**3 - 6*r**2 + 3*r - 51. Calculate v(7).
19
Let g(d) = -d**3 - 16*d**2 + 13*d + 2. Determine g(1).
-2
Let n(a) = 4*a**2 + 137*a - 410. Give n(3).
37
Let h(i) = 368*i**3 - 3*i**2 - 24*i + 24. Give h(1).
365
Let s(o) = -14*o + 600. Determine s(42).
12
Let h(i) = -127*i - 196. Determine h(-2).
58
Let h(x) = x**3 + 75*x**2 - 159*x + 17. What is h(-77)?
402
Let j(x) = -7*x**2 - 37*x - 18. What is j(-5)?
-8
Let c(k) = k**2 + 42*k - 363. Calculate c(7).
-20
Let k(u) = u**3 + 73*u**2 + 77*u + 224. Give k(-72).
-136
Let v(h) = 2*h**2 + 62*h + 416. Calculate v(-10).
-4
Let f(t) = -7*t**2 - 484*t + 923. Calculate f(-71).
0
Let b(t) = t**2 + 27*t - 331. Give b(-36).
-7
Let c(l) = -l**2 + 204*l - 6109. Determine c(37).
70
Let y(x) = -x**3 - 44*x**2 - 46*x + 228. Calculate y(-43).
357
Let x(o) = 24*o**3 + 2*o**2 - o - 5. Calculate x(-2).
-187
Let v(g) = -8*g**3 + 5*g**2 + 2*g - 12. Determine v(0).
-12
Let c(p) = -1220*p + 10938. Determine c(9).
-42
Let u(g) = 34*g + 593. What is u(-18)?
-19
Let g(x) = -x**2 - 44*x + 258. Give g(-49).
13
Let z(y) = 66*y - 1085. What is z(19)?
169
Let a(c) = 1056*c + 10523. Give a(-10).
-37
Let w(o) = -o**2 + 15*o - 15. Give w(10).
35
Let i(q) = -q**2 + 124*q + 44558. Calculate i(282).
2
Let r(t) = -16*t + 180. Determine r(22).
-172
Let z(w) = 10*w**2 - 189*w - 65. Determine z(19).
-46
Let k(x) = 3*x + 389. Give k(-123).
20
Let p(y) = y**3 - 18*y**2 - 151*y - 10. Give p(-6).
32
Let i(t) = -596*t - 1206. Give i(-2).
-14
Let t(a) = 4*a - 142. Determine t(2).
-134
Let r(w) = -47*w**2 + 86*w - 1. Determine r(3).
-166
Let t(n) = 3*n**2 + 276*n + 488. Calculate t(-90).
-52
Let z(j) = 64*j - 961. What is z(19)?
255
Let q(y) = -4*y**2 - 32*y + 238. Determine q(-13).
-22
Let j(m) = -m**2 + 640*m + 15909. What is j(-24)?
-27
Let y(w) = -w**3 - 15*w**2 - 49*w + 9. What is y(-10)?
-1
Let b(v) = -311*v - 1560. What is b(-5)?
-5
Let z(u) = -40*u + 1739. Calculate z(44).
-21
Let o(b) = -b**3 + b**2 + 2*b - 11. Give o(6).
-179
Let t(k) = -34*k + 13. Calculate t(2).
-55
Let b(i) = 7*i + 199. Give b(4).
227
Let d(c) = -115*c - 779. Calculate d(-3).
-434
Let q(c) = -176*c**2 - 8*c - 6. Calculate q(-1).
-174
Let h(o) = o**3 + 32*o**2 - 33*o - 142. Give h(-33).
-142
Let m(j) = -j**2 - 39*j + 5308. What is m(-95)?
-12
Let w(h) = -112*h + 349. What is w(3)?
13
Let c(a) = -1346*a + 60534. Determine c(45).
-36
Let r(b) = b**3 + 30*b**2 + 2*b + 86. Calculate r(-30).
26
Let k(z) = -68*z + 539. Give k(9).
-73
Let i(t) = -2*t + 30. What is i(-3)?
36
Let s(p) = 678*p - 4035. What is s(6)?
33
Let m(j) = -143*j + 23464. Give m(164).
12
Let h(s) = -881*s + 5282. Give h(6).
-4
Let z(y) = -3*y**2 + 282. Determine z(0).
282
Let b(y) = -29*y - 628. Calculate b(-27).
155
Let u(o) = 7*o**3 - 48*o**2 + 6*o - 21. What is u(7)?
70
Let y(t) = -229*t**3 - 2*t**2 + t - 1. Determine y(1).
-231
Let v(y) = 9*y**3 - 18*y**2 + 16*y + 21. Determine v(2).
53
Let h(s) = s**3 - 19*s**2 - 42*s - 35. What is h(21)?
-35
Let m(l) = -l**3 + 20*l**2 + 60*l - 1464. Determine m(19).
37
Let k(g) = -25*g - 146. Determine k(-6).
4
Let i(q) = -2*q**2 + 1357*q - 10720. Calculat